{"id":16916,"date":"2017-04-19T09:36:20","date_gmt":"2017-04-19T09:36:20","guid":{"rendered":"http:\/\/www.onesoluciones.com\/codem\/?page_id=16916"},"modified":"2018-02-07T12:31:59","modified_gmt":"2018-02-07T12:31:59","slug":"aviso-legal-y-condiciones-de-uso-del-portal","status":"publish","type":"page","link":"https:\/\/colectivosubica.com\/coit\/aviso-legal-y-condiciones-de-uso-del-portal\/","title":{"rendered":"Aviso Legal y condiciones de uso del Portal"},"content":{"rendered":"<section class=\"wpb-content-wrapper\"><p>[vc_row css_animation=\u00bb\u00bb row_type=\u00bbrow\u00bb use_row_as_full_screen_section=\u00bbno\u00bb type=\u00bbgrid\u00bb angled_section=\u00bbno\u00bb text_align=\u00bbleft\u00bb background_image_as_pattern=\u00bbwithout_pattern\u00bb][vc_column][vc_empty_space][vc_column_text]Aviso Legal y condiciones de uso del Portal[\/vc_column_text][vc_empty_space][vc_column_text]Las presentes disposiciones (en adelante, \u201c<strong>Condiciones Generales<\/strong>\u201d) regulan el uso de los contenidos ofrecidos a trav\u00e9s del sitio web de Internet www.onesoluciones.com\/codem o las p\u00e1ginas web que lo integran (en adelante, www.onesoluciones.com\/codem).<\/p>\n<p>Le rogamos que lea detenidamente las Condiciones Generales antes de utilizar el Sitio Web, as\u00ed como el resto de condiciones que, en su caso, complementen modifiquen o sustituyan a las Condiciones Generales en relaci\u00f3n con determinadas actividades contenidas en el Sitio Web, dado que las mismas podr\u00edan haber sufrido modificaciones desde la \u00faltima vez que accedi\u00f3 al mismo.<\/p>\n<p>La utilizaci\u00f3n del Sitio Web supone la aceptaci\u00f3n expresa y plena de las presentes Condiciones Generales en el momento en que acceda al mismo.[\/vc_column_text][\/vc_column][\/vc_row][vc_row css_animation=\u00bb\u00bb row_type=\u00bbrow\u00bb use_row_as_full_screen_section=\u00bbno\u00bb type=\u00bbgrid\u00bb angled_section=\u00bbno\u00bb text_align=\u00bbleft\u00bb background_image_as_pattern=\u00bbwithout_pattern\u00bb][vc_column][vc_empty_space][vc_column_text]<strong>1. Aviso Legal<\/strong><\/p>\n<p>El prestador de los servicios de este Sitio Web es Intermediarios Asociados Dos Mil, S.L., con NIF B82339987 y domicilio en Madrid, calle San Mateo n\u00fam. 30, bajo izda., sociedad inscrita en el Registro Mercantil de Madrid al tomo 14315, folio 130, secci\u00f3n 8, hoja M236170.<\/p>\n<p>Puede contactar con nosotros a trav\u00e9s de la direcci\u00f3n de correo electr\u00f3nico codem@onesoluciones.com o por fax al n\u00famero 91 319 07 97.<\/p>\n<p>A efectos de este sitio web, Intermediarios Asociados Dos Mil, S.L. opera bajo la denominaci\u00f3n \u201cONE\u201d.<\/p>\n<p>ONE es colaborador externo de conformidad con lo dispuesto en el art\u00edculo 8 de la Ley 26\/2006, de 17 de julio, de Mediaci\u00f3n de Seguros y Reaseguros Privados, de Pl\u00e9yade Peninsular Corredur\u00eda de Seguros y Reaseguros del Grupo Telef\u00f3nica, S.A. (en adelante, \u201cPl\u00e9yade\u201d) cuyo domicilio es ronda de la comunicaci\u00f3n, s\/n \u2013 edificio oeste 2 \u2013 planta 2 &#8211; 28050 Madrid, con C.I.F.: A-80157795, se encuentra debidamente inscrita en el Registro Mercantil Provincia de Madrid, Hoja M 31419. 1\/A, Folio 168, Tomo 1735 del Libro de Sociedades. Se encuentra sometida a la autoridad reguladora de la Direcci\u00f3n General de Seguros y Fondos de Pensiones (en adelante, \u201cDGSFP\u201d), teniendo n\u00famero de registro de corredor de seguros: J196 y n\u00famero de registro de corredor de reaseguros: RJ0020. Asimismo le manifestamos, de acuerdo con la legislaci\u00f3n vigente, Pleyade Peninsular dispone de un Servicio de Atenci\u00f3n al Cliente (email reclamacionespleyade@telefonica.com) para la atenci\u00f3n de cualquier queja y\/o reclamaci\u00f3n, cuyo funcionamiento, actividad y competencias se regulan en el \u00abReglamento para la Defensa del Cliente\u00bb que se encuentra a disposici\u00f3n de los clientes que lo requieran. El Usuario tambi\u00e9n puede dirigirse al Servicio de Reclamaciones de la DGSFP, siempre y cuando previamente haya agotado la v\u00eda del Departamento de Atenci\u00f3n al Cliente, a las siguientes direcciones: Paseo de la Castellana 44, 28046 Madrid. Se halla a disposici\u00f3n de los Usuarios un ejemplar del Reglamento del Departamento de Atenci\u00f3n al Cliente. La normativa relativa a transparencia y a protecci\u00f3n al cliente, viene integrada por las siguientes normas: a.-) Ley 44\/2002, de 22 de noviembre, de medidas de reforma del sistema financiero; b.-) Orden Ministerial 734\/2004, de 11 de marzo; y c.-) Ley 26\/2006, de 17 de julio, de mediaci\u00f3n en seguros privados. A los efectos previstos en el art\u00edculo 33.3 de la Ley 26\/2006 de 17 de julio de Mediaci\u00f3n de Seguros y Reaseguros Privados, se informa de que Pl\u00e9yade tiene vinculaciones en su consejo de administraci\u00f3n con las siguientes aseguradora y reaseguradoras del Grupo Telef\u00f3nica: (i) Telef\u00f3nica Insurance, sociedad an\u00f3nima de seguros luxemburguesa con domicilio social en 23, Avenue Monterey, L-2163 Luxemburgo, Gran Ducado de Luxemburgo, debidamente inscrita en el Registro de Comercio y Sociedades de Luxemburgo en la Secci\u00f3n B n\u00famero B105162; (ii) Casiopea Re, sociedad an\u00f3nima reaseguradora luxemburguesa con domicilio social en 23, Avenue Monterey L-2163 Luxemburgo, Gran Ducado de Luxemburgo, debidamente inscrita en el Registro de Comercio y Sociedades de Luxemburgo en la Secci\u00f3n B n\u00famero B28154; y (iii) Nova Casiopea Re, sociedad an\u00f3nima reaseguradora luxemburguesa con domicilio social en 23, Avenue Monterey L-2163 Luxemburgo, Gran Ducado de Luxemburgo, debidamente inscrita en el Registro de Comercio y Sociedades de Luxemburgo bajo el n\u00famero B158616.[\/vc_column_text][\/vc_column][\/vc_row][vc_row css_animation=\u00bb\u00bb row_type=\u00bbrow\u00bb use_row_as_full_screen_section=\u00bbno\u00bb type=\u00bbgrid\u00bb angled_section=\u00bbno\u00bb text_align=\u00bbleft\u00bb background_image_as_pattern=\u00bbwithout_pattern\u00bb][vc_column][vc_empty_space][vc_column_text]<strong>2. Objeto de la web<\/strong><\/p>\n<p>Le informamos de que ONE, como colaborador externo de Pl\u00e9yade, a trav\u00e9s del Sitio Web tiene por objeto captar Usuarios y colaborar en la distribuci\u00f3n de productos de seguros de Pl\u00e9yade.<\/p>\n<p>Las p\u00f3lizas para cada uno de los seguros disponibles en el Sitio Web se ponen a disposici\u00f3n del cliente en el proceso de compra antes de la formalizaci\u00f3n de la compra. La contrataci\u00f3n de los correspondientes seguros se establecer\u00e1 directamente entre el Usuario y Pl\u00e9yade o la aseguradora correspondiente, de acuerdo con los t\u00e9rminos que estas dispongan. ONE no asumir\u00e1 responsabilidad alguna respecto al cumplimiento, incumplimiento o cumplimiento defectuoso de los correspondientes contratos de seguro.<\/p>\n<p>[\/vc_column_text][\/vc_column][\/vc_row][vc_row css_animation=\u00bb\u00bb row_type=\u00bbrow\u00bb use_row_as_full_screen_section=\u00bbno\u00bb type=\u00bbgrid\u00bb angled_section=\u00bbno\u00bb text_align=\u00bbleft\u00bb background_image_as_pattern=\u00bbwithout_pattern\u00bb][vc_column][vc_empty_space][vc_column_text]<strong>3. Respecto a los Usuarios<\/strong><\/p>\n<p>El Usuario declara que es mayor de edad y tiene la capacidad legal para adquirir los servicios ofrecidos a trav\u00e9s del Sitio Web. Queda prohibido el acceso al Sitio Web a usuarios que se encuentren sometidos a jurisdicciones en los que su contenido est\u00e9 no autorizado. El Usuario se compromete a utilizar el Sitio Web y los servicios ofrecidos de conformidad con la ley, las presentes Condiciones Generales, las buenas pr\u00e1cticas generalmente aceptadas, as\u00ed como de forma correcta y diligente, absteni\u00e9ndose de utilizar el Sitio Web contra las leyes, la moral o el orden p\u00fablico.<\/p>\n<p>El acceso al Sitio Web es gratuito salvo en lo relativo al coste de la conexi\u00f3n a trav\u00e9s de la red de telecomunicaciones suministrada por el proveedor de acceso contratado por los usuarios. Determinados servicios son exclusivos para nuestros Usuarios por lo que su acceso requiere su registro en el \u00e1rea de clientes.<\/p>\n<p>El Usuario ser\u00e1 responsable de todas las acciones que efect\u00fae en el Sitio Web. El Usuario se compromete a hacer un uso diligente y a mantener en secreto la\/s contrase\u00f1a\/s y nombre\/s de usuario\/s asignado\/s, en su caso, para acceder al Sitio Web y\/o a los Servicios. El Usuario responder\u00e1 de los da\u00f1os ocasionados por la utilizaci\u00f3n por cualquier tercero de su\/s contrase\u00f1a\/s y nombre\/s de usuario\/s debida a un uso no diligente o a la p\u00e9rdida de los mismos por el Usuario.<\/p>\n<p>Determinados Servicios requerir\u00e1n que el Usuario suministre determinados datos que podr\u00e1n ser de car\u00e1cter voluntario u obligatorio indic\u00e1ndose en cada momento el car\u00e1cter de los mismos. En caso de que no se diga nada, se entender\u00e1 que los datos son de car\u00e1cter obligatorio.<\/p>\n<p>Cuando el Usuario contrata un seguro, acepta que es el Usuario el que contrata con la aseguradora, por lo tanto, cualquier reclamaci\u00f3n o consulta relativa al seguro deber\u00e1 dirigirse a la aseguradora salvo aquellas que por disposici\u00f3n legal puedan dirigirse contra ONE o Pl\u00e9yade.<\/p>\n<p>Con el fin de que el Usuario pueda tener acceso a la comparaci\u00f3n de Actividades, el Usuario acepta expresamente que ONE o Pl\u00e9yade pueda efectuar en su nombre meros tr\u00e1mites con el prestador del servicio o aseguradora para posibilitar la Actividad.<\/p>\n<p>En todo caso, antes de la contrataci\u00f3n guiaremos al Usuario por diferentes tr\u00e1mites que tendr\u00e1 que seguir y que se har\u00e1n efectivos accediendo a los mismos a trav\u00e9s de diversas p\u00e1ginas del Sitio Web o centros de atenci\u00f3n al cliente especializados. Fundamentalmente dichos tr\u00e1mites consisten en obtenci\u00f3n de datos por parte del Usuario y, finalmente, en caso de que el Usuario este conforme, consentimiento del Usuario a la contrataci\u00f3n. Tras la prestaci\u00f3n de dicho consentimiento, el mismo quedar\u00e1 registrado en los sistemas de Pl\u00e9yade y en el de la aseguradora.<\/p>\n<p>Previamente a la contrataci\u00f3n, el Usuario podr\u00e1 identificar y corregir errores en la introducci\u00f3n de datos quedando obligado el Usuario a facilitar la informaci\u00f3n completa y veraz. Posteriormente a la celebraci\u00f3n del contrato podr\u00e1 modificar sus datos personales. Para ello el Usuario deber\u00e1 consultar nuestra Pol\u00edtica de Privacidad disponible en el Sitio Web.<\/p>\n<p>Salvo que se indique lo contrario, el contrato se formalizar\u00e1 en la lengua espa\u00f1ola.<\/p>\n<p>[\/vc_column_text][\/vc_column][\/vc_row][vc_row css_animation=\u00bb\u00bb row_type=\u00bbrow\u00bb use_row_as_full_screen_section=\u00bbno\u00bb type=\u00bbgrid\u00bb angled_section=\u00bbno\u00bb text_align=\u00bbleft\u00bb background_image_as_pattern=\u00bbwithout_pattern\u00bb][vc_column][vc_empty_space][vc_column_text]<strong>4. Derecho de desistimiento<\/strong><\/p>\n<p>En caso de contrataci\u00f3n de seguros a distancia, la aseguradora deber\u00e1 ofrecer al Usuario el derecho a desistir de su pedido sin motivo alguno dentro de los 14 d\u00edas naturales desde el d\u00eda de la conclusi\u00f3n del contrato. A estos efectos, usted debe informar a la aseguradora de su decisi\u00f3n de desistir de su contrataci\u00f3n. Deber\u00e1 enviar su solicitud de acuerdo con las instrucciones y formularios disponibles en la aseguradora. Para informaci\u00f3n adicional sobre el \u00e1mbito, contenido e instrucciones para el ejercicio de este derecho, debe contactar con el servicio de atenci\u00f3n al cliente de Pl\u00e9yade o la aseguradora.<\/p>\n<p>[\/vc_column_text][\/vc_column][\/vc_row][vc_row css_animation=\u00bb\u00bb row_type=\u00bbrow\u00bb use_row_as_full_screen_section=\u00bbno\u00bb type=\u00bbgrid\u00bb angled_section=\u00bbno\u00bb text_align=\u00bbleft\u00bb background_image_as_pattern=\u00bbwithout_pattern\u00bb][vc_column][vc_empty_space][vc_column_text]<strong>5. Protecci\u00f3n de Datos de car\u00e1cter personal<\/strong><\/p>\n<p>De conformidad con lo dispuesto en la Ley Org\u00e1nica 15\/1999, de 13 de diciembre, de Protecci\u00f3n de Datos de Car\u00e1cter Personal, Intermediarios Asociados Dos Mil, S.L. le informa de que: Los datos por usted suministrados pasar\u00e1n a formar parte de un fichero automatizado propiedad de ONE, as\u00ed como de Pl\u00e9yade, quien a su vez los podr\u00e1 ceder a la aseguradora correspondiente para la correcta prestaci\u00f3n del servicio. Dichos datos ser\u00e1n empleados con fines de prestaci\u00f3n del servicio contratado y, asimismo y por parte de ONE, para el env\u00edo de comunicaciones comerciales electr\u00f3nicas o de cualquier otra forma, en relaci\u00f3n a productos o servicios relacionados con el \u00e1mbito de los seguros. Cuando expresamente se indique, los datos marcados con un asterisco (*) ser\u00e1n obligatorios, sin los cuales no podremos tramitar la solicitud correspondiente.<\/p>\n<p>Mediante el env\u00edo de la informaci\u00f3n anterior, por cualquier medio, presta Ud. consentimiento a los tratamientos indicados.<\/p>\n<p>Intermediarios Asociados Dos Mil S.L. (ONE) ha adoptado los niveles de seguridad exigidos a los datos facilitados instalando las medidas t\u00e9cnicas y organizativas necesarias, habida cuenta del estado de la tecnolog\u00eda, para evitar su p\u00e9rdida, alteraci\u00f3n, uso inadecuado o accesos no autorizados a los mismos. ONE asegura la confidencialidad de los datos aportados, garantizando que no ser\u00e1n cedidos a Terceros, salvo en los casos legalmente permitidos o con su autorizaci\u00f3n. En todo caso, Ud. podr\u00e1 ejercitar los derechos de acceso, rectificaci\u00f3n, cancelaci\u00f3n u oposici\u00f3n, dirigi\u00e9ndose mediante carta, fax o correo a Intermediarios Asociados Dos Mil S.L. C\/ San Mateo, 30 \u2013 B\u00ba Izda. Fax.- 913190797. Email: codem@onesoluciones.com, y acompa\u00f1ando copia de su Documento Nacional de Identidad o equivalente. Y, en \u201cPl\u00e9yade Peninsular, Corredur\u00eda de Seguros y Reaseguros del Grupo Telef\u00f3nica, S.A.\u201d en Distrito Telef\u00f3nica, Ronda de la Comunicaci\u00f3n s\/n, Edifico Oeste 2, Planta 2, 28050 Madrid, correo electr\u00f3nico onesoluciones@pleyade.com<\/p>\n<p>A fin de gestionar y analizar las estad\u00edsticas de acceso y uso de la web, utilizamos Google Analytics de acuerdo con las condiciones y t\u00e9rminos establecidos en http:\/\/www.google.com\/analytics\/terms\/es.html. Dicho servicio es proporcionado por un tercero ajeno a ONE, que recoge y procesa determinados datos de localizaci\u00f3n, b\u00fasquedas, navegaci\u00f3n, equipo inform\u00e1tico, sistema operativo, aplicaciones, idioma y\/o resoluci\u00f3n de pantalla. La responsabilidad por el tratamiento de los anteriores datos corresponde a dicho proveedor, que \u00fanicamente nos proporciona acceso a herramientas de an\u00e1lisis general sobre uso del Sitio Web, disoci\u00e1ndose los datos personales.<\/p>\n<p>Las \u00fanicas cookies que utiliza este sitio web son las instaladas por Google Analytics.[\/vc_column_text][\/vc_column][\/vc_row][vc_row css_animation=\u00bb\u00bb row_type=\u00bbrow\u00bb use_row_as_full_screen_section=\u00bbno\u00bb type=\u00bbgrid\u00bb angled_section=\u00bbno\u00bb text_align=\u00bbleft\u00bb background_image_as_pattern=\u00bbwithout_pattern\u00bb][vc_column][vc_empty_space][vc_column_text]<strong>6. Limitaci\u00f3n de responsabilidad<\/strong><\/p>\n<p>ONE como titular del Sitio Web es responsable de los contenidos del mismo, a excepci\u00f3n de las cuestiones relativas a la negociaci\u00f3n, contrataci\u00f3n o cumplimiento de las obligaciones relativas al contrato de seguro suscrito, salvo en aquello expresamente exigible conforme a la ley. No obstante lo anterior, ONE no ser\u00e1 responsable de los fallos que pudieran producirse en las comunicaciones, incluido el borrado, transmisi\u00f3n incompleta o retrasos, no comprometi\u00e9ndose tampoco a que la red de transmisi\u00f3n est\u00e9 operativa en todo momento. Tampoco responder\u00e1 de los da\u00f1os y perjuicios que un tercero pudiera efectuar en caso de que un tercero vulnere las medidas de seguridad establecidas ni garantiza la ausencia de virus inform\u00e1ticos. Igualmente, no puede garantizar la invulnerabilidad de sus sistemas de seguridad o de la transmisi\u00f3n de los datos a trav\u00e9s de la red.<\/p>\n<p>[\/vc_column_text][\/vc_column][\/vc_row][vc_row css_animation=\u00bb\u00bb row_type=\u00bbrow\u00bb use_row_as_full_screen_section=\u00bbno\u00bb type=\u00bbgrid\u00bb angled_section=\u00bbno\u00bb text_align=\u00bbleft\u00bb background_image_as_pattern=\u00bbwithout_pattern\u00bb][vc_column][vc_empty_space][vc_column_text]<strong>7. Seguridad<\/strong><\/p>\n<p>Es posible que determinados accesos a algunas de las \u00e1reas del Sitio Web se realicen en un entorno seguro (sistema de seguridad SSL, Secure Socket Layer), lo que implica que todas las operaciones y transacciones se realizan en un servidor seguro cuyo acceso est\u00e1 restringido a ciertos Usuarios, y que toda la informaci\u00f3n intercambiada es encriptada, lo que permite asegurar la autenticidad del Sitio Web desde donde se recaban los Datos Personales, as\u00ed como la integridad y confidencialidad de los Datos Personales durante su transmisi\u00f3n.<br \/>\nEl Usuario podr\u00e1 verificar que se encuentra en un entorno seguro cuando vea en la parte inferior del navegador un s\u00edmbolo que representa un candado cerrado y el protocolo de Internet cambie de http:\/\/ a https:\/\/. Adicionalmente, determinadas configuraciones de algunos navegadores informan al usuario mediante un mensaje en pantalla cuando va a entrar y salir de un servidor seguro.<br \/>\nNo obstante lo anterior, no nos responsabilizamos ni garantizamos que el acceso al Sitio Web sea infalible, continuo o libre de deficiencias. Ni tampoco puede garantizarse que el contenido o software al que el Usuario pueda acceder a trav\u00e9s del Sitio Web est\u00e9 libre de virus, interferencias, aver\u00edas, desconexiones u otros elementos que puedan causar da\u00f1os y perjuicios al Usuario o su equipo.<\/p>\n<p>[\/vc_column_text][\/vc_column][\/vc_row][vc_row css_animation=\u00bb\u00bb row_type=\u00bbrow\u00bb use_row_as_full_screen_section=\u00bbno\u00bb type=\u00bbgrid\u00bb angled_section=\u00bbno\u00bb text_align=\u00bbleft\u00bb background_image_as_pattern=\u00bbwithout_pattern\u00bb][vc_column][vc_empty_space][vc_column_text]<strong>8. Propiedad intelectual del Sitio Web<\/strong><\/p>\n<p>El acceso al Sitio Web no atribuye ning\u00fan derecho sobre las marcas, nombres comerciales y\/o signos distintivos que aparecen en este Sitio Web que son propiedad de sus respectivos titulares.<br \/>\nONE no concede ninguna licencia o autorizaci\u00f3n de uso de ninguna clase sobre los derechos de propiedad industrial e intelectual o sobre cualquier otra propiedad o derecho relacionado con el Sitio Web o la Actividad.<\/p>\n<p>[\/vc_column_text][\/vc_column][\/vc_row][vc_row css_animation=\u00bb\u00bb row_type=\u00bbrow\u00bb use_row_as_full_screen_section=\u00bbno\u00bb type=\u00bbgrid\u00bb angled_section=\u00bbno\u00bb text_align=\u00bbleft\u00bb background_image_as_pattern=\u00bbwithout_pattern\u00bb][vc_column][vc_empty_space][vc_column_text]<strong>9. Ley y jurisdicci\u00f3n<\/strong><\/p>\n<p>Las presentes condiciones se rigen por la ley espa\u00f1ola y las partes se someten al fuero de los Juzgados y Tribunales de Madrid capital, para cuantas acciones de da\u00f1os y perjuicios u cualesquiera otras que pudieran derivarse de la presente relaci\u00f3n, siempre y cuando no se establezca un fuero espec\u00edfico por ley.[\/vc_column_text][\/vc_column][\/vc_row][vc_row css_animation=\u00bb\u00bb row_type=\u00bbrow\u00bb use_row_as_full_screen_section=\u00bbno\u00bb type=\u00bbgrid\u00bb angled_section=\u00bbno\u00bb text_align=\u00bbleft\u00bb background_image_as_pattern=\u00bbwithout_pattern\u00bb][vc_column][vc_empty_space][vc_empty_space][\/vc_column][\/vc_row]<\/p>\n<\/section>","protected":false},"excerpt":{"rendered":"<p>[vc_row css_animation=\u00bb\u00bb row_type=\u00bbrow\u00bb use_row_as_full_screen_section=\u00bbno\u00bb type=\u00bbgrid\u00bb angled_section=\u00bbno\u00bb text_align=\u00bbleft\u00bb background_image_as_pattern=\u00bbwithout_pattern\u00bb][vc_column][vc_empty_space][vc_column_text]Aviso Legal y condiciones de uso del Portal[\/vc_column_text][vc_empty_space][vc_column_text]Las presentes disposiciones (en adelante, \u201cCondiciones Generales\u201d) regulan el uso de los contenidos ofrecidos a trav\u00e9s del sitio web de Internet www.onesoluciones.com\/codem o las p\u00e1ginas web que lo integran (en adelante,&#8230;<\/p>\n","protected":false},"author":2,"featured_media":0,"parent":0,"menu_order":0,"comment_status":"closed","ping_status":"closed","template":"full_width.php","meta":{"footnotes":""},"class_list":["post-16916","page","type-page","status-publish","hentry"],"_links":{"self":[{"href":"https:\/\/colectivosubica.com\/coit\/wp-json\/wp\/v2\/pages\/16916","targetHints":{"allow":["GET"]}}],"collection":[{"href":"https:\/\/colectivosubica.com\/coit\/wp-json\/wp\/v2\/pages"}],"about":[{"href":"https:\/\/colectivosubica.com\/coit\/wp-json\/wp\/v2\/types\/page"}],"author":[{"embeddable":true,"href":"https:\/\/colectivosubica.com\/coit\/wp-json\/wp\/v2\/users\/2"}],"replies":[{"embeddable":true,"href":"https:\/\/colectivosubica.com\/coit\/wp-json\/wp\/v2\/comments?post=16916"}],"version-history":[{"count":5,"href":"https:\/\/colectivosubica.com\/coit\/wp-json\/wp\/v2\/pages\/16916\/revisions"}],"predecessor-version":[{"id":17372,"href":"https:\/\/colectivosubica.com\/coit\/wp-json\/wp\/v2\/pages\/16916\/revisions\/17372"}],"wp:attachment":[{"href":"https:\/\/colectivosubica.com\/coit\/wp-json\/wp\/v2\/media?parent=16916"}],"curies":[{"name":"wp","href":"https:\/\/api.w.org\/{rel}","templated":true}]}}